{"id":2,"date":"2025-05-02T13:51:55","date_gmt":"2025-05-02T13:51:55","guid":{"rendered":"https:\/\/rustfin.ee\/?page_id=2"},"modified":"2025-06-25T14:47:30","modified_gmt":"2025-06-25T11:47:30","slug":"abi","status":"publish","type":"page","link":"https:\/\/rustfin.ee\/index.php\/abi\/","title":{"rendered":"Abi"},"content":{"rendered":"\n<hr class=\"wp-block-separator has-alpha-channel-opacity\"\/>\n\n\n\n<h2 class=\"wp-block-heading\"><strong>Korduma kippuvad k\u00fcsimused<\/strong><\/h2>\n\n\n\n<blockquote class=\"wp-block-quote is-layout-flow wp-block-quote-is-layout-flow\">\n<ul class=\"wp-block-list\">\n<li class=\"has-body-background-color has-text-color has-link-color has-medium-font-size wp-elements-2596cecdfe9ac3a4fa68f81a633eed44\" style=\"font-style:normal;font-weight:400\">Kas vedelikku saab kasutada pintseldades pinnale? &#8211; Ei, antud toode on m\u00f5eldud detaili uputamiseks.<\/li>\n\n\n\n<li class=\"has-body-background-color has-text-color has-link-color has-medium-font-size wp-elements-bdf8132d942bace5c397194d8a590251\" style=\"font-style:normal;font-weight:400\">Kas seda vedelikku peab lahjendama? &#8211; Ei, tegemist on valmis lahusega ja p\u00e4rast kasutamist kalla vedelik tagasi pudelisse kuni j\u00e4rgmise korrani &#8211; seda vahendit saab kasutada mitmel korral.<\/li>\n\n\n\n<li class=\"has-body-background-color has-text-color has-link-color has-medium-font-size wp-elements-cce3bfde38a38029d4c4f3fd9b038e15\" style=\"font-style:normal;font-weight:400\">Kas vedeliku omadused kaovad aja jooksul? &#8211; Tegemist on orgaanilise valemiga, see on biolagunev ja selle omadused kaovad aja jooksul. Hetkel ei ole veel teada t\u00e4pselt kui kaua vahend s\u00e4ilib. See v\u00f5ib j\u00e4\u00e4da 1~2 aasta vahele olenevalt vahendi s\u00e4ilitamise tingimustest.<\/li>\n\n\n\n<li class=\"has-body-background-color has-text-color has-link-color has-medium-font-size wp-elements-526628222de4d96126376f334d5472ff\" style=\"font-style:normal;font-weight:400\">Kas vedeliku peab hiljem viima ohtlike vahendite k\u00e4itlusse? &#8211; Ei, tegemist on orgaanilise ja biolaguneva vahendiga, p\u00e4rast toimeaine l\u00f5ppemist v\u00f5ib vedeliku kraanist alla kallata.<\/li>\n\n\n\n<li class=\"has-body-background-color has-text-color has-link-color has-medium-font-size wp-elements-1647ac23f39d39c7528b450d444c3ddc\" style=\"font-style:normal;font-weight:400\">Mitu korda v\u00f5ib seda kasutada, kas iga kord on see n\u00f5rgem? &#8211; RustFin vahendi toimeaine m\u00f5ju ei v\u00e4hene v\u00e4hemalt 10 korda kasutades. T\u00e4psem rooste eemaldus v\u00f5ime on veel testimisel.<\/li>\n<\/ul>\n<\/blockquote>\n\n\n\n<h2 class=\"wp-block-heading\"><strong>Kuidas kasutada RustFin-i<\/strong><\/h2>\n\n\n\n<blockquote class=\"wp-block-quote is-layout-flow wp-block-quote-is-layout-flow\">\n<p class=\"has-body-background-color has-text-color has-link-color has-medium-font-size wp-elements-4f22796411a82700a5f03e5bc2cbfb43\" style=\"font-style:normal;font-weight:400\">Kui esemel, millelt soovid roostet eemaldada on paksem roostekiht, siis eemalda\u00a0enne traatharjaga\u00a0kergelt kraapides lahtisem rooste. See aitab sul s\u00e4\u00e4sta RustFin vedelikku ja kiirendab rooste lahustamisprotsessi. <\/p>\n\n\n\n<p class=\"has-body-background-color has-text-color has-link-color has-medium-font-size wp-elements-7b610905708b5cff151ee22e5a87063a\" style=\"font-style:normal;font-weight:400\">Kui esemel on plastist v\u00f5i kummist osasid, siis v\u00f5imalusel eemalda ka need osad. RustFin enamasti ei reageeri plast ja kummist materjalidega, aga ei ole garanteeritud, et plast v\u00f5i kummist materjalid s\u00e4ilitavad oma omadused. <\/p>\n\n\n\n<p class=\"has-body-background-color has-text-color has-link-color has-medium-font-size wp-elements-fa2de42cbff728097d3af69a6c95c5f8\" style=\"font-style:normal;font-weight:400\">Vali veekindel, piisavalt tugev anum, mille kuju sobib esemega ja mis on piisavalt k\u00f5rge, et ese j\u00e4\u00e4ks t\u00e4ielikult vedeliku alla. Aseta oma ese anumasse ja vala peale RustFin vedelik, v\u00e4ltides suuremaid pritsmeid. RustFin toimib k\u00f5ige paremini temperatuuridel 15~25\u00b0C. Mida k\u00f5rgem temperatuur, seda kiiremini vedelik toimib. Kuid k\u00f5rgel kuumusel hakkab vedelikust vesi aurustuma ja RustFin vedelik vananeb kiiremini. Mida rohkem vedelikku kasutad, seda kiirem on protsess, seega v\u00f5id v\u00e4lja valada ka kogu RustFin vedeliku. Kuna vedelik on taaskasutatav, siis v\u00f5ib p\u00e4rast kasutamist vedeliku tagasi anumasse kallata kuni j\u00e4rgmise kasutamise korrani. RustFin eemaldab rooste eseme pinnalt, vastavalt tingimustele (nagu eseme sulamile, roostekihi paksusele) 30 minuti kuni 3 tunni jooksul. <\/p>\n\n\n\n<p class=\"has-body-background-color has-text-color has-link-color has-medium-font-size wp-elements-a49071eb6eb7d3fcae48d52fab6d7198\" style=\"font-style:normal;font-weight:400\">Kontrolli aeg-ajalt rooste lahustamise protsessi ja vajadusel p\u00fchi pintsliga \u00e4ra esemelt vabanenud rooste\u00a0v\u00f5i must oksiid, mis muidu takistaks RustFin ligip\u00e4\u00e4su. Kui esemel enam roostet pole, v\u00f5ta ese RustFin vedelikust v\u00e4lja. V\u00e4ga pikaajaline eseme RustFin vedelikus hoidmine v\u00f5ib eemaldada eseme pinnalt \u00f5hukese kihi\u00a0metalli. P\u00e4rast rooste eemaldamist on esemel \u00f5hu eest kaitsmata pind, mis aja jooksul, niiskuse toimel, saab uuesti roostekihi peale. <\/p>\n\n\n\n<p class=\"has-body-background-color has-text-color has-link-color has-medium-font-size wp-elements-b3c03fbe74f35bd32bb5b7e3c9d9672f\" style=\"font-style:normal;font-weight:400\">Kui sa ei plaani pinda kruntida v\u00f5i v\u00e4rvida koheselt, siis kanna pinnale rooste v\u00e4ltimiseks \u00f5huke \u00f5likiht v\u00f5i kasuta m\u00f5nda pinnakaitse toodet nagu n\u00e4iteks raua mustaja. J\u00e4lgi oma valitud v\u00e4rvi juhiseid, kuidas katta pinda nii, et see oleks k\u00f5ige vastupidavam. S\u00e4ilita RustFin vedelikku temperatuuridel 5~25\u00b0C ja mitte otsese p\u00e4ikese k\u00e4es, v\u00f5imalikult pimedas kohas.<\/p>\n<\/blockquote>\n\n\n\n<h2 class=\"wp-block-heading\"><strong>Tagastamise tingimused<\/strong><\/h2>\n\n\n\n<blockquote class=\"wp-block-quote is-layout-flow wp-block-quote-is-layout-flow\">\n<p class=\"has-body-background-color has-text-color has-link-color has-medium-font-size wp-elements-c89550dca4787fca8eefbba9b83841e2\" style=\"font-style:normal;font-weight:700\">Kauba tagastamise \u00f5igus 14 p\u00e4eva jooksul k\u00e4ib ainult veebipoest ostetud kauba kohta.<\/p>\n\n\n\n<ul class=\"wp-block-list\">\n<li class=\"has-body-background-color has-text-color has-link-color has-medium-font-size wp-elements-5f897a55e7e0832a3d931e1a5e0c0636\" style=\"font-style:normal;font-weight:400\">Klient peab oma tagastamissoovist teada andma 14 p\u00e4eva jooksul p\u00e4rast kauba k\u00e4ttesaamist t\u00e4ites tellimuse tagastamise avalduse lehe allosas.<\/li>\n\n\n\n<li class=\"has-body-background-color has-text-color has-link-color has-medium-font-size wp-elements-7c2365ecaeb14cd5269bf0c515388f78\" style=\"font-style:normal;font-weight:400\">Tagastatav kaup peab olema kasutamata, kahjustamata ja orginaalpakendis.<\/li>\n\n\n\n<li class=\"has-body-background-color has-text-color has-link-color has-medium-font-size wp-elements-973be229ead7155cfae380cedd01af93\" style=\"font-style:normal;font-weight:400\">Kauba tagastamiskulud kannab klient, v\u00e4lja arvatud juhul kui tagastamise p\u00f5hjuseks on mittevastavus tellitule v\u00f5i praakkaup.<\/li>\n\n\n\n<li class=\"has-body-background-color has-text-color has-link-color has-medium-font-size wp-elements-c61bec4cea6b6af9d2142570378b949b\" style=\"font-style:normal;font-weight:400\">Raha tagastatud kauba eest h\u00fcvitatakse Kliendile koheselt, kuid mitte hiljem kui 14 p\u00e4eva m\u00f6\u00f6dumisel taganemisavalduse k\u00e4ttesaamisest. Lisaks tagastatud kauba maksumusele tagastatakse ka kauba k\u00e4ttetoimetamis kulud.<\/li>\n\n\n\n<li class=\"has-body-background-color has-text-color has-link-color has-medium-font-size wp-elements-fce9014600107066c83f8f2a5044f441\" style=\"font-style:normal;font-weight:400\">Avatud pakendiga toode tagastamisele ei kuulu. Samuti ei kuulu tagastamisele tooted, mille kasutamist (v\u00f5i mittekasutamist) ei ole v\u00f5imalik kontrollida.<\/li>\n\n\n\n<li class=\"has-body-background-color has-text-color has-link-color has-medium-font-size wp-elements-9132052d2a353f52a53849a25e4097cc\" style=\"font-style:normal;font-weight:400\">Kliendil on v\u00f5imalik p\u00f6\u00f6rduda tarbijakaitseameti tarbijakaebuste komisjoni poole, kelle p\u00e4devuses on lahendada lepingust tulenevaid vaidlusi kui vaidlusaluse kauba maksumus on \u00fcle 20\u20ac (kaebuse l\u00e4bivaatamine komisjonis tasuta).<\/li>\n<\/ul>\n<\/blockquote>\n","protected":false},"excerpt":{"rendered":"<p>Korduma kippuvad k\u00fcsimused Kuidas kasutada RustFin-i Kui esemel, millelt soovid roostet eemaldada on paksem roostekiht, siis eemalda\u00a0enne traatharjaga\u00a0kergelt kraapides lahtisem rooste. See aitab sul s\u00e4\u00e4sta RustFin vedelikku ja kiirendab rooste lahustamisprotsessi. Kui esemel on plastist v\u00f5i kummist osasid, siis v\u00f5imalusel eemalda ka need osad. RustFin enamasti ei reageeri plast ja kummist materjalidega, aga ei ole [&hellip;]<\/p>\n","protected":false},"author":1,"featured_media":0,"parent":0,"menu_order":0,"comment_status":"closed","ping_status":"closed","template":"","meta":{"footnotes":""},"class_list":["post-2","page","type-page","status-publish","hentry"],"yoast_head":"<!-- This site is optimized with the Yoast SEO plugin v27.3 - https:\/\/yoast.com\/product\/yoast-seo-wordpress\/ -->\n<title>Abi -<\/title>\n<meta name=\"robots\" content=\"index, follow, max-snippet:-1, max-image-preview:large, max-video-preview:-1\" \/>\n<link rel=\"canonical\" href=\"https:\/\/rustfin.ee\/index.php\/abi\/\" \/>\n<meta property=\"og:locale\" content=\"et_EE\" \/>\n<meta property=\"og:type\" content=\"article\" \/>\n<meta property=\"og:title\" content=\"Abi -\" \/>\n<meta property=\"og:description\" content=\"Korduma kippuvad k\u00fcsimused Kuidas kasutada RustFin-i Kui esemel, millelt soovid roostet eemaldada on paksem roostekiht, siis eemalda\u00a0enne traatharjaga\u00a0kergelt kraapides lahtisem rooste. See aitab sul s\u00e4\u00e4sta RustFin vedelikku ja kiirendab rooste lahustamisprotsessi. Kui esemel on plastist v\u00f5i kummist osasid, siis v\u00f5imalusel eemalda ka need osad. RustFin enamasti ei reageeri plast ja kummist materjalidega, aga ei ole [&hellip;]\" \/>\n<meta property=\"og:url\" content=\"https:\/\/rustfin.ee\/index.php\/abi\/\" \/>\n<meta property=\"article:modified_time\" content=\"2025-06-25T11:47:30+00:00\" \/>\n<meta name=\"twitter:card\" content=\"summary_large_image\" \/>\n<meta name=\"twitter:label1\" content=\"Est. reading time\" \/>\n\t<meta name=\"twitter:data1\" content=\"1 minut\" \/>\n<script type=\"application\/ld+json\" class=\"yoast-schema-graph\">{\"@context\":\"https:\\\/\\\/schema.org\",\"@graph\":[{\"@type\":\"WebPage\",\"@id\":\"https:\\\/\\\/rustfin.ee\\\/index.php\\\/abi\\\/\",\"url\":\"https:\\\/\\\/rustfin.ee\\\/index.php\\\/abi\\\/\",\"name\":\"Abi -\",\"isPartOf\":{\"@id\":\"https:\\\/\\\/rustfin.ee\\\/#website\"},\"datePublished\":\"2025-05-02T13:51:55+00:00\",\"dateModified\":\"2025-06-25T11:47:30+00:00\",\"breadcrumb\":{\"@id\":\"https:\\\/\\\/rustfin.ee\\\/index.php\\\/abi\\\/#breadcrumb\"},\"inLanguage\":\"et\",\"potentialAction\":[{\"@type\":\"ReadAction\",\"target\":[\"https:\\\/\\\/rustfin.ee\\\/index.php\\\/abi\\\/\"]}]},{\"@type\":\"BreadcrumbList\",\"@id\":\"https:\\\/\\\/rustfin.ee\\\/index.php\\\/abi\\\/#breadcrumb\",\"itemListElement\":[{\"@type\":\"ListItem\",\"position\":1,\"name\":\"Home\",\"item\":\"https:\\\/\\\/rustfin.ee\\\/\"},{\"@type\":\"ListItem\",\"position\":2,\"name\":\"Abi\"}]},{\"@type\":\"WebSite\",\"@id\":\"https:\\\/\\\/rustfin.ee\\\/#website\",\"url\":\"https:\\\/\\\/rustfin.ee\\\/\",\"name\":\"Rooste-eemaldusvahend - RustFin\",\"description\":\"Rust removal\",\"publisher\":{\"@id\":\"https:\\\/\\\/rustfin.ee\\\/#organization\"},\"potentialAction\":[{\"@type\":\"SearchAction\",\"target\":{\"@type\":\"EntryPoint\",\"urlTemplate\":\"https:\\\/\\\/rustfin.ee\\\/?s={search_term_string}\"},\"query-input\":{\"@type\":\"PropertyValueSpecification\",\"valueRequired\":true,\"valueName\":\"search_term_string\"}}],\"inLanguage\":\"et\"},{\"@type\":\"Organization\",\"@id\":\"https:\\\/\\\/rustfin.ee\\\/#organization\",\"name\":\"RustFin\",\"url\":\"https:\\\/\\\/rustfin.ee\\\/\",\"logo\":{\"@type\":\"ImageObject\",\"inLanguage\":\"et\",\"@id\":\"https:\\\/\\\/rustfin.ee\\\/#\\\/schema\\\/logo\\\/image\\\/\",\"url\":\"https:\\\/\\\/rustfin.ee\\\/wp-content\\\/uploads\\\/2025\\\/05\\\/Rustfin_logo-s.png\",\"contentUrl\":\"https:\\\/\\\/rustfin.ee\\\/wp-content\\\/uploads\\\/2025\\\/05\\\/Rustfin_logo-s.png\",\"width\":1237,\"height\":993,\"caption\":\"RustFin\"},\"image\":{\"@id\":\"https:\\\/\\\/rustfin.ee\\\/#\\\/schema\\\/logo\\\/image\\\/\"}}]}<\/script>\n<!-- \/ Yoast SEO plugin. -->","yoast_head_json":{"title":"Abi -","robots":{"index":"index","follow":"follow","max-snippet":"max-snippet:-1","max-image-preview":"max-image-preview:large","max-video-preview":"max-video-preview:-1"},"canonical":"https:\/\/rustfin.ee\/index.php\/abi\/","og_locale":"et_EE","og_type":"article","og_title":"Abi -","og_description":"Korduma kippuvad k\u00fcsimused Kuidas kasutada RustFin-i Kui esemel, millelt soovid roostet eemaldada on paksem roostekiht, siis eemalda\u00a0enne traatharjaga\u00a0kergelt kraapides lahtisem rooste. See aitab sul s\u00e4\u00e4sta RustFin vedelikku ja kiirendab rooste lahustamisprotsessi. Kui esemel on plastist v\u00f5i kummist osasid, siis v\u00f5imalusel eemalda ka need osad. RustFin enamasti ei reageeri plast ja kummist materjalidega, aga ei ole [&hellip;]","og_url":"https:\/\/rustfin.ee\/index.php\/abi\/","article_modified_time":"2025-06-25T11:47:30+00:00","twitter_card":"summary_large_image","twitter_misc":{"Est. reading time":"1 minut"},"schema":{"@context":"https:\/\/schema.org","@graph":[{"@type":"WebPage","@id":"https:\/\/rustfin.ee\/index.php\/abi\/","url":"https:\/\/rustfin.ee\/index.php\/abi\/","name":"Abi -","isPartOf":{"@id":"https:\/\/rustfin.ee\/#website"},"datePublished":"2025-05-02T13:51:55+00:00","dateModified":"2025-06-25T11:47:30+00:00","breadcrumb":{"@id":"https:\/\/rustfin.ee\/index.php\/abi\/#breadcrumb"},"inLanguage":"et","potentialAction":[{"@type":"ReadAction","target":["https:\/\/rustfin.ee\/index.php\/abi\/"]}]},{"@type":"BreadcrumbList","@id":"https:\/\/rustfin.ee\/index.php\/abi\/#breadcrumb","itemListElement":[{"@type":"ListItem","position":1,"name":"Home","item":"https:\/\/rustfin.ee\/"},{"@type":"ListItem","position":2,"name":"Abi"}]},{"@type":"WebSite","@id":"https:\/\/rustfin.ee\/#website","url":"https:\/\/rustfin.ee\/","name":"Rooste-eemaldusvahend - RustFin","description":"Rust removal","publisher":{"@id":"https:\/\/rustfin.ee\/#organization"},"potentialAction":[{"@type":"SearchAction","target":{"@type":"EntryPoint","urlTemplate":"https:\/\/rustfin.ee\/?s={search_term_string}"},"query-input":{"@type":"PropertyValueSpecification","valueRequired":true,"valueName":"search_term_string"}}],"inLanguage":"et"},{"@type":"Organization","@id":"https:\/\/rustfin.ee\/#organization","name":"RustFin","url":"https:\/\/rustfin.ee\/","logo":{"@type":"ImageObject","inLanguage":"et","@id":"https:\/\/rustfin.ee\/#\/schema\/logo\/image\/","url":"https:\/\/rustfin.ee\/wp-content\/uploads\/2025\/05\/Rustfin_logo-s.png","contentUrl":"https:\/\/rustfin.ee\/wp-content\/uploads\/2025\/05\/Rustfin_logo-s.png","width":1237,"height":993,"caption":"RustFin"},"image":{"@id":"https:\/\/rustfin.ee\/#\/schema\/logo\/image\/"}}]}},"jetpack_sharing_enabled":true,"_links":{"self":[{"href":"https:\/\/rustfin.ee\/index.php\/wp-json\/wp\/v2\/pages\/2","targetHints":{"allow":["GET"]}}],"collection":[{"href":"https:\/\/rustfin.ee\/index.php\/wp-json\/wp\/v2\/pages"}],"about":[{"href":"https:\/\/rustfin.ee\/index.php\/wp-json\/wp\/v2\/types\/page"}],"author":[{"embeddable":true,"href":"https:\/\/rustfin.ee\/index.php\/wp-json\/wp\/v2\/users\/1"}],"replies":[{"embeddable":true,"href":"https:\/\/rustfin.ee\/index.php\/wp-json\/wp\/v2\/comments?post=2"}],"version-history":[{"count":2,"href":"https:\/\/rustfin.ee\/index.php\/wp-json\/wp\/v2\/pages\/2\/revisions"}],"predecessor-version":[{"id":77,"href":"https:\/\/rustfin.ee\/index.php\/wp-json\/wp\/v2\/pages\/2\/revisions\/77"}],"wp:attachment":[{"href":"https:\/\/rustfin.ee\/index.php\/wp-json\/wp\/v2\/media?parent=2"}],"curies":[{"name":"wp","href":"https:\/\/api.w.org\/{rel}","templated":true}]}}