{"id":64,"date":"2025-05-02T14:18:06","date_gmt":"2025-05-02T14:18:06","guid":{"rendered":"https:\/\/rustfin.ee\/?post_type=product&#038;p=64"},"modified":"2025-10-05T06:35:36","modified_gmt":"2025-10-05T03:35:36","slug":"rustfin-rooste-eemaldusvahend-5l","status":"publish","type":"product","link":"https:\/\/rustfin.ee\/index.php\/toode\/rustfin-rooste-eemaldusvahend-5l\/","title":{"rendered":"RustFin rooste eemaldusvahend 5L"},"content":{"rendered":"<p><strong>RustFin<\/strong>\u00a0on rooste eemaldusvahend, mis lahustab ainult roosteosakesi ja ei kahjusta metallpindasid, ega muunda metallpinda. RustFin on orgaaniline ja biolagunev. Seet\u00f5ttu v\u00f5ib Rustfini vedeliku peale mitmekordset kasutamist (kui rooste eemaldustoime on l\u00f5puks kadunud) kraanist alla kallata. Vedeliku silma sattumisel loputa rohke veega ja kui kipitus p\u00fcsib, p\u00f6\u00f6rdu arsti poole abi saamiseks.<\/p>\n<p><strong><span lang=\"en-GB\">Kasutamine:<\/span><\/strong><span lang=\"en-GB\">\u00a0Kui esemel, millelt soovid roostet eemaldada on paksem roostekiht, siis eemalda\u00a0<\/span><span lang=\"et\">enne traatharjaga\u00a0<\/span><span lang=\"en-GB\">kergelt kraapides lahtisem rooste. See aitab sul s\u00e4\u00e4sta RustFin vedelikku ja kiirendab rooste lahustamisprotsessi. Kui esemel on plastist v\u00f5i kummist osasid, siis v\u00f5imalusel eemalda ka need osad. RustFin enamasti ei reageeri plast ja kummist materjalidega, aga ei ole garanteeritud, et plast v\u00f5i kummist materjalid s\u00e4ilitavad oma omadused. Vali veekindel, piisavalt tugev anum, mille kuju sobib esemega ja mis on piisavalt k\u00f5rge, et ese j\u00e4\u00e4ks t\u00e4ielikult vedeliku alla. Aseta oma ese anumasse ja vala peale RustFin vedelik, v\u00e4ltides suuremaid pritsmeid. RustFin toimib k\u00f5ige paremini temperatuuridel 15~25\u00b0C. Mida k\u00f5rgem temperatuur, seda kiiremini vedelik toimib. Kuid k\u00f5rgel kuumusel hakkab vedelikust vesi aurustuma ja RustFin vedelik vananeb kiiremini. Mida rohkem vedelikku kasutad, seda kiirem on protsess, seega v\u00f5id v\u00e4lja valada ka kogu RustFin vedeliku. Kuna vedelik on taaskasutatav, siis v\u00f5ib p\u00e4rast kasutamist vedeliku tagasi anumasse kallata kuni j\u00e4rgmise kasutamise korrani. RustFin eemaldab rooste eseme pinnalt, vastavalt tingimustele (nagu eseme sulamile, roostekihi paksusele) 30 minuti kuni 3 tunni jooksul. Kontrolli aeg-ajalt rooste lahustamise protsessi ja vajadusel p\u00fchi pintsliga \u00e4ra esemelt vabanenud rooste<\/span><span lang=\"et\">\u00a0v\u00f5i must oksiid<\/span><span lang=\"en-GB\">, mis muidu takistaks RustFin ligip\u00e4\u00e4su. Kui esemel enam roostet pole, v\u00f5ta ese RustFin vedelikust v\u00e4lja. V\u00e4ga pikaajaline eseme RustFin vedelikus hoidmine v\u00f5ib eemaldada eseme pinnalt \u00f5hukese kihi<\/span><span lang=\"et\">\u00a0metalli<\/span><span lang=\"en-GB\">. P\u00e4rast rooste eemaldamist on esemel \u00f5hu eest kaitsmata pind, mis aja jooksul, niiskuse toimel, saab uuesti roostekihi peale. Kui sa ei plaani pinda kruntida v\u00f5i v\u00e4rvida koheselt, siis kanna pinnale rooste v\u00e4ltimiseks \u00f5huke \u00f5likiht v\u00f5i kasuta m\u00f5nda pinnakaitse toodet nagu n\u00e4iteks raua mustaja. J\u00e4lgi oma valitud v\u00e4rvi juhiseid, kuidas katta pinda nii, et see oleks k\u00f5ige vastupidavam. S\u00e4ilita RustFin vedelikku temperatuuridel 5~25\u00b0C ja mitte otsese p\u00e4ikese k\u00e4es, v\u00f5imalikult pimedas kohas.<\/span><\/p>\n","protected":false},"excerpt":{"rendered":"<p><strong>RustFin<\/strong>\u00a0on rooste eemaldusvahend, mis lahustab ainult roosteosakesi ja ei kahjusta metallpindasid, ega muunda metallpinda.<\/p>\n","protected":false},"featured_media":65,"comment_status":"open","ping_status":"closed","template":"","meta":[],"product_brand":[20],"product_cat":[17],"product_tag":[18,19],"class_list":{"0":"post-64","1":"product","2":"type-product","3":"status-publish","4":"has-post-thumbnail","6":"product_brand-rustfin","7":"product_cat-rooste-eemaldusvahend","8":"product_tag-kemikaal","9":"product_tag-rooste-eemaldus","11":"first","12":"instock","13":"taxable","14":"shipping-taxable","15":"purchasable","16":"product-type-simple"},"yoast_head":"<!-- This site is optimized with the Yoast SEO plugin v27.3 - https:\/\/yoast.com\/product\/yoast-seo-wordpress\/ -->\n<title>RustFin rooste eemaldusvahend 5L -<\/title>\n<meta name=\"robots\" content=\"index, follow, max-snippet:-1, max-image-preview:large, max-video-preview:-1\" \/>\n<link rel=\"canonical\" href=\"https:\/\/rustfin.ee\/index.php\/toode\/rustfin-rooste-eemaldusvahend-5l\/\" \/>\n<meta property=\"og:locale\" content=\"et_EE\" \/>\n<meta property=\"og:type\" content=\"article\" \/>\n<meta property=\"og:title\" content=\"RustFin rooste eemaldusvahend 5L -\" \/>\n<meta property=\"og:description\" content=\"RustFin\u00a0on rooste eemaldusvahend, mis lahustab ainult roosteosakesi ja ei kahjusta metallpindasid, ega muunda metallpinda.\" \/>\n<meta property=\"og:url\" content=\"https:\/\/rustfin.ee\/index.php\/toode\/rustfin-rooste-eemaldusvahend-5l\/\" \/>\n<meta property=\"article:modified_time\" content=\"2025-10-05T03:35:36+00:00\" \/>\n<meta property=\"og:image\" content=\"https:\/\/rustfin.ee\/wp-content\/uploads\/2025\/05\/117338868.jpg\" \/>\n\t<meta property=\"og:image:width\" content=\"1920\" \/>\n\t<meta property=\"og:image:height\" content=\"1920\" \/>\n\t<meta property=\"og:image:type\" content=\"image\/jpeg\" \/>\n<meta name=\"twitter:card\" content=\"summary_large_image\" \/>\n<meta name=\"twitter:label1\" content=\"Est. reading time\" \/>\n\t<meta name=\"twitter:data1\" content=\"3 minutit\" \/>\n<script type=\"application\/ld+json\" class=\"yoast-schema-graph\">{\"@context\":\"https:\\\/\\\/schema.org\",\"@graph\":[{\"@type\":\"WebPage\",\"@id\":\"https:\\\/\\\/rustfin.ee\\\/index.php\\\/toode\\\/rustfin-rooste-eemaldusvahend-5l\\\/\",\"url\":\"https:\\\/\\\/rustfin.ee\\\/index.php\\\/toode\\\/rustfin-rooste-eemaldusvahend-5l\\\/\",\"name\":\"RustFin rooste eemaldusvahend 5L -\",\"isPartOf\":{\"@id\":\"https:\\\/\\\/rustfin.ee\\\/#website\"},\"primaryImageOfPage\":{\"@id\":\"https:\\\/\\\/rustfin.ee\\\/index.php\\\/toode\\\/rustfin-rooste-eemaldusvahend-5l\\\/#primaryimage\"},\"image\":{\"@id\":\"https:\\\/\\\/rustfin.ee\\\/index.php\\\/toode\\\/rustfin-rooste-eemaldusvahend-5l\\\/#primaryimage\"},\"thumbnailUrl\":\"https:\\\/\\\/rustfin.ee\\\/wp-content\\\/uploads\\\/2025\\\/05\\\/117338868.jpg\",\"datePublished\":\"2025-05-02T14:18:06+00:00\",\"dateModified\":\"2025-10-05T03:35:36+00:00\",\"breadcrumb\":{\"@id\":\"https:\\\/\\\/rustfin.ee\\\/index.php\\\/toode\\\/rustfin-rooste-eemaldusvahend-5l\\\/#breadcrumb\"},\"inLanguage\":\"et\",\"potentialAction\":[{\"@type\":\"ReadAction\",\"target\":[\"https:\\\/\\\/rustfin.ee\\\/index.php\\\/toode\\\/rustfin-rooste-eemaldusvahend-5l\\\/\"]}]},{\"@type\":\"ImageObject\",\"inLanguage\":\"et\",\"@id\":\"https:\\\/\\\/rustfin.ee\\\/index.php\\\/toode\\\/rustfin-rooste-eemaldusvahend-5l\\\/#primaryimage\",\"url\":\"https:\\\/\\\/rustfin.ee\\\/wp-content\\\/uploads\\\/2025\\\/05\\\/117338868.jpg\",\"contentUrl\":\"https:\\\/\\\/rustfin.ee\\\/wp-content\\\/uploads\\\/2025\\\/05\\\/117338868.jpg\",\"width\":1920,\"height\":1920},{\"@type\":\"BreadcrumbList\",\"@id\":\"https:\\\/\\\/rustfin.ee\\\/index.php\\\/toode\\\/rustfin-rooste-eemaldusvahend-5l\\\/#breadcrumb\",\"itemListElement\":[{\"@type\":\"ListItem\",\"position\":1,\"name\":\"Home\",\"item\":\"https:\\\/\\\/rustfin.ee\\\/\"},{\"@type\":\"ListItem\",\"position\":2,\"name\":\"Pood\",\"item\":\"https:\\\/\\\/rustfin.ee\\\/index.php\\\/pood\\\/\"},{\"@type\":\"ListItem\",\"position\":3,\"name\":\"RustFin rooste eemaldusvahend 5L\"}]},{\"@type\":\"WebSite\",\"@id\":\"https:\\\/\\\/rustfin.ee\\\/#website\",\"url\":\"https:\\\/\\\/rustfin.ee\\\/\",\"name\":\"Rooste-eemaldusvahend - RustFin\",\"description\":\"Rust removal\",\"publisher\":{\"@id\":\"https:\\\/\\\/rustfin.ee\\\/#organization\"},\"potentialAction\":[{\"@type\":\"SearchAction\",\"target\":{\"@type\":\"EntryPoint\",\"urlTemplate\":\"https:\\\/\\\/rustfin.ee\\\/?s={search_term_string}\"},\"query-input\":{\"@type\":\"PropertyValueSpecification\",\"valueRequired\":true,\"valueName\":\"search_term_string\"}}],\"inLanguage\":\"et\"},{\"@type\":\"Organization\",\"@id\":\"https:\\\/\\\/rustfin.ee\\\/#organization\",\"name\":\"RustFin\",\"url\":\"https:\\\/\\\/rustfin.ee\\\/\",\"logo\":{\"@type\":\"ImageObject\",\"inLanguage\":\"et\",\"@id\":\"https:\\\/\\\/rustfin.ee\\\/#\\\/schema\\\/logo\\\/image\\\/\",\"url\":\"https:\\\/\\\/rustfin.ee\\\/wp-content\\\/uploads\\\/2025\\\/05\\\/Rustfin_logo-s.png\",\"contentUrl\":\"https:\\\/\\\/rustfin.ee\\\/wp-content\\\/uploads\\\/2025\\\/05\\\/Rustfin_logo-s.png\",\"width\":1237,\"height\":993,\"caption\":\"RustFin\"},\"image\":{\"@id\":\"https:\\\/\\\/rustfin.ee\\\/#\\\/schema\\\/logo\\\/image\\\/\"}}]}<\/script>\n<!-- \/ Yoast SEO plugin. -->","yoast_head_json":{"title":"RustFin rooste eemaldusvahend 5L -","robots":{"index":"index","follow":"follow","max-snippet":"max-snippet:-1","max-image-preview":"max-image-preview:large","max-video-preview":"max-video-preview:-1"},"canonical":"https:\/\/rustfin.ee\/index.php\/toode\/rustfin-rooste-eemaldusvahend-5l\/","og_locale":"et_EE","og_type":"article","og_title":"RustFin rooste eemaldusvahend 5L -","og_description":"RustFin\u00a0on rooste eemaldusvahend, mis lahustab ainult roosteosakesi ja ei kahjusta metallpindasid, ega muunda metallpinda.","og_url":"https:\/\/rustfin.ee\/index.php\/toode\/rustfin-rooste-eemaldusvahend-5l\/","article_modified_time":"2025-10-05T03:35:36+00:00","og_image":[{"width":1920,"height":1920,"url":"https:\/\/rustfin.ee\/wp-content\/uploads\/2025\/05\/117338868.jpg","type":"image\/jpeg"}],"twitter_card":"summary_large_image","twitter_misc":{"Est. reading time":"3 minutit"},"schema":{"@context":"https:\/\/schema.org","@graph":[{"@type":"WebPage","@id":"https:\/\/rustfin.ee\/index.php\/toode\/rustfin-rooste-eemaldusvahend-5l\/","url":"https:\/\/rustfin.ee\/index.php\/toode\/rustfin-rooste-eemaldusvahend-5l\/","name":"RustFin rooste eemaldusvahend 5L -","isPartOf":{"@id":"https:\/\/rustfin.ee\/#website"},"primaryImageOfPage":{"@id":"https:\/\/rustfin.ee\/index.php\/toode\/rustfin-rooste-eemaldusvahend-5l\/#primaryimage"},"image":{"@id":"https:\/\/rustfin.ee\/index.php\/toode\/rustfin-rooste-eemaldusvahend-5l\/#primaryimage"},"thumbnailUrl":"https:\/\/rustfin.ee\/wp-content\/uploads\/2025\/05\/117338868.jpg","datePublished":"2025-05-02T14:18:06+00:00","dateModified":"2025-10-05T03:35:36+00:00","breadcrumb":{"@id":"https:\/\/rustfin.ee\/index.php\/toode\/rustfin-rooste-eemaldusvahend-5l\/#breadcrumb"},"inLanguage":"et","potentialAction":[{"@type":"ReadAction","target":["https:\/\/rustfin.ee\/index.php\/toode\/rustfin-rooste-eemaldusvahend-5l\/"]}]},{"@type":"ImageObject","inLanguage":"et","@id":"https:\/\/rustfin.ee\/index.php\/toode\/rustfin-rooste-eemaldusvahend-5l\/#primaryimage","url":"https:\/\/rustfin.ee\/wp-content\/uploads\/2025\/05\/117338868.jpg","contentUrl":"https:\/\/rustfin.ee\/wp-content\/uploads\/2025\/05\/117338868.jpg","width":1920,"height":1920},{"@type":"BreadcrumbList","@id":"https:\/\/rustfin.ee\/index.php\/toode\/rustfin-rooste-eemaldusvahend-5l\/#breadcrumb","itemListElement":[{"@type":"ListItem","position":1,"name":"Home","item":"https:\/\/rustfin.ee\/"},{"@type":"ListItem","position":2,"name":"Pood","item":"https:\/\/rustfin.ee\/index.php\/pood\/"},{"@type":"ListItem","position":3,"name":"RustFin rooste eemaldusvahend 5L"}]},{"@type":"WebSite","@id":"https:\/\/rustfin.ee\/#website","url":"https:\/\/rustfin.ee\/","name":"Rooste-eemaldusvahend - RustFin","description":"Rust removal","publisher":{"@id":"https:\/\/rustfin.ee\/#organization"},"potentialAction":[{"@type":"SearchAction","target":{"@type":"EntryPoint","urlTemplate":"https:\/\/rustfin.ee\/?s={search_term_string}"},"query-input":{"@type":"PropertyValueSpecification","valueRequired":true,"valueName":"search_term_string"}}],"inLanguage":"et"},{"@type":"Organization","@id":"https:\/\/rustfin.ee\/#organization","name":"RustFin","url":"https:\/\/rustfin.ee\/","logo":{"@type":"ImageObject","inLanguage":"et","@id":"https:\/\/rustfin.ee\/#\/schema\/logo\/image\/","url":"https:\/\/rustfin.ee\/wp-content\/uploads\/2025\/05\/Rustfin_logo-s.png","contentUrl":"https:\/\/rustfin.ee\/wp-content\/uploads\/2025\/05\/Rustfin_logo-s.png","width":1237,"height":993,"caption":"RustFin"},"image":{"@id":"https:\/\/rustfin.ee\/#\/schema\/logo\/image\/"}}]}},"jetpack_sharing_enabled":true,"_links":{"self":[{"href":"https:\/\/rustfin.ee\/index.php\/wp-json\/wp\/v2\/product\/64","targetHints":{"allow":["GET"]}}],"collection":[{"href":"https:\/\/rustfin.ee\/index.php\/wp-json\/wp\/v2\/product"}],"about":[{"href":"https:\/\/rustfin.ee\/index.php\/wp-json\/wp\/v2\/types\/product"}],"replies":[{"embeddable":true,"href":"https:\/\/rustfin.ee\/index.php\/wp-json\/wp\/v2\/comments?post=64"}],"wp:featuredmedia":[{"embeddable":true,"href":"https:\/\/rustfin.ee\/index.php\/wp-json\/wp\/v2\/media\/65"}],"wp:attachment":[{"href":"https:\/\/rustfin.ee\/index.php\/wp-json\/wp\/v2\/media?parent=64"}],"wp:term":[{"taxonomy":"product_brand","embeddable":true,"href":"https:\/\/rustfin.ee\/index.php\/wp-json\/wp\/v2\/product_brand?post=64"},{"taxonomy":"product_cat","embeddable":true,"href":"https:\/\/rustfin.ee\/index.php\/wp-json\/wp\/v2\/product_cat?post=64"},{"taxonomy":"product_tag","embeddable":true,"href":"https:\/\/rustfin.ee\/index.php\/wp-json\/wp\/v2\/product_tag?post=64"}],"curies":[{"name":"wp","href":"https:\/\/api.w.org\/{rel}","templated":true}]}}